*-2?
4
What is the hundreds digit of ((-1)/(-2))/(79/237158)?
5
Let n(s) = -2*s**3 - 15*s**2 + 11*s + 9. What is the hundreds digit of n(-13)?
7
Let m be (-10)/35 + (-37)/(-7). Suppose -m*w - 40 = -3*s, s = 3*w + 4 + 4. Let x = s + -15. What is the units digit of x?
5
Let x(n) = -12 + 9 - 4*n + 11 + 3*n. Let y be x(6). Suppose 4*a - 28 = y*a. What is the units digit of a?
4
Let t = -179 + 535. What is the hundreds digit of t?
3
Let v(p) = -3*p**3 - 4*p**2 - 2. Let j be v(-2). Suppose 3*l = j*l - 69. What is the units digit of l?
3
Suppose -2*f + 65 = 3*f. Suppose a - 17 = f. What is the units digit of a?
0
Let y(o) = o**2 - 51*o + 54*o + 2 + 4*o**2. Suppose -3*b - 10 + 4 = 0. What is the units digit of y(b)?
6
Suppose -4*n + 58 = -5*y - 59, -n - 4*y + 3 = 0. Let m = -1 - -1. Suppose q = -m*q + n. What is the tens digit of q?
2
Let p = -105 - -188. What is the units digit of p?
3
Let d = 0 - -6. Let s = -15 + d. What is the tens digit of 152/3 + (-3)/s?
5
Let l be (-4)/(-14) - ((-2108)/(-7))/4. Let c = -37 - l. What is the units digit of c?
8
Let u = 77 + -154. Let o = 116 + u. What is the tens digit of o?
3
Let o(q) = -6*q - 1 - 5*q + 0*q. Let v(g) = g**2 + 3*g - 2. Let k be v(-3). What is the units digit of o(k)?
1
Suppose -2*w - 10 = -0*w. Let m = w + 13. What is the tens digit of (-2)/m - 1099/(-28)?
3
Let h(u) be the first derivative of 8*u**3 + 2*u - 10. What is the tens digit of h(2)?
9
Suppose 5 = -4*u - 19. Let m(w) = w**3 - w**2 - w. Let v(o) = 4*o**3 + 3*o**2 - 6*o + 3. Let p(z) = -3*m(z) + v(z). What is the units digit of p(u)?
1
Let p = -779 + 1329. What is the tens digit of p?
5
Suppose 0 = 4*s - 2*f - 13262, s + 196*f = 201*f + 3302. What is the hundreds digit of s?
3
Let u = -51 - -28. What is the tens digit of (-1)/(-4 + (-91)/u)?
2
Suppose -4*p = -863 + 247. Suppose -2*s - 369 = -5*y - 32, -4*s = 2*y - p. What is the units digit of (0 - 1)/((-3)/y)?
3
Suppose -5*m = -0*m + 170. Let z = 18 - m. What is the units digit of z?
2
Let f = 10 + -5. Let v = f + -3. Suppose 0 = -4*t + v*p + 52, -2*t - p = -5*p - 38. What is the units digit of t?
1
Suppose 2*u - 35 = 619. What is the hundreds digit of u?
3
Suppose -4*d - 1196 = -17*d. What is the units digit of d/(-69) + (-670)/(-3)?
2
Let d(q) = 14*q + 12*q - 24*q + 121. What is the hundreds digit of d(0)?
1
Let c(o) = 4*o**2 - o - 15. Let g be 3/(-2) - (-5 - 85/(-10)). What is the units digit of c(g)?
0
Suppose 0 = z - 144 - 302. What is the hundreds digit of z?
4
Let s(r) be the third derivative of -7*r**6/120 - r**5/20 + r**4/24 - r**3/3 - 7*r**2. What is the tens digit of s(-2)?
4
Let d(j) be the second derivative of j**3 - 6*j**2 - 2*j. What is the units digit of d(15)?
8
Suppose 0 = o + 2*v, 3*o - 23 = 4*v - 3. Suppose -o*x + 24 = 8. What is the units digit of x?
4
Suppose -253 + 789 = o. Let u = -375 + o. What is the hundreds digit of u?
1
Let w = 114 - 112. What is the units digit of 1/(w/(-928)*-4)?
6
Let z = -15 + 29. Let c = 8 + z. What is the tens digit of c?
2
Suppose 0 = 2*a + 5*t - 704, 4*t - 1396 = -75*a + 71*a. What is the hundreds digit of a?
3
Let o = 2748 - 1948. Let y = o - 567. What is the hundreds digit of y?
2
Let x(p) be the first derivative of p**4/4 + 8*p**3/3 + p**2/2 - 5. What is the units digit of x(-5)?
0
Suppose -5*h + h + 24 = 0. Suppose -3*w - s = -h*w + 233, -20 = -5*s. What is the tens digit of w?
7
Suppose 5*w - 5 = 20. Suppose w*y - 2*y = 204. What is the tens digit of y?
6
Let c(a) = -a**3 - 9*a**2 + 23*a + 35. What is the tens digit of c(-14)?
9
Let g(b) = 61*b + 1. Let n be g(2). Let v = -70 + n. What is the tens digit of v?
5
Let g = -21 - -23. Suppose -4*f = -b + 87, -g*f + 3*f = -5. What is the tens digit of b?
6
Let w(d) = d**3 - 4*d**2 + 2*d - 1. Let c be w(3). Let u be 5/((2 + 2)/c). What is the tens digit of (u - 0)*15/(-3)?
2
Suppose 10*r + 6475 = 14*r - 5*f, -r = -5*f - 1630. What is the hundreds digit of r?
6
Let j = 1 - -4. Let v(h) = -2*h - 5. Let f be v(-5). Suppose -3*i = j*p - 125, -5*i + 3*i = f*p - 125. What is the tens digit of p?
2
Suppose 0 = 4*p - 1281 - 1159. What is the units digit of p?
0
Let x = -164 - -75. Let b = 3 - x. Suppose -2*f + 12 + 48 = 5*l, 4*f - b = 4*l. What is the units digit of f?
5
Let x(j) = -15*j**2 - 14*j**2 + 30*j**2 - 41 - 12*j. What is the hundreds digit of x(21)?
1
Let i(k) = -37*k - 2. Suppose 9*n - 4*n + 120 = 0. Let j be (-3)/2*(-16)/n. What is the tens digit of i(j)?
3
Let x(s) = s**3 - 8*s**2 + 2*s + 18. What is the hundreds digit of x(11)?
4
Suppose 2*w = -2*w - 3*h + 1215, 2*w + 2*h - 608 = 0. What is the units digit of w?
3
Suppose u - 2 = 5*z + 4, -2*u - 2 = 4*z. What is the units digit of (-164)/(-16)*(4/(-1))/z?
1
Suppose 0 = 3*o - 79 - 128. Let z = o - -59. What is the hundreds digit of z?
1
Let z = 7 - -48. Let u = 91 - z. What is the units digit of u?
6
Let y = 109 + 3. Let d = y - 48. What is the units digit of d?
4
Let l = -137 - -78. Let q be (3 - 1 - 91)*1. Let y = l - q. What is the units digit of y?
0
Suppose -4*i = -147 + 47. Let z = i - 21. Suppose z*u - 60 = 2*w - 6*w, u = 3*w + 35. What is the units digit of u?
0
Let v be (-2)/(-7) + 2336/56. Let b = v + -26. What is the tens digit of b?
1
Suppose 1 = f + 5*n + 4, f - 3 = -3*n. Suppose 2*p + 4*g = f, p = 5*p + 2*g - 6. Suppose p*t + 44 = 2*t. What is the units digit of t?
2
Let g(y) = y**3 + 5*y**2 + 5*y + 6. Let k be g(-4). Suppose 138 = k*d - 0*d + 4*f, -d + f = -69. What is the units digit of (3 - (4 + -2))*d?
9
Suppose b - 2*o - 2428 = 0, -3*b + 1782 = -o - 5527. What is the hundreds digit of b?
4
Let z be 2 + 2 - (19 - -1). Let l = z + 46. Let i = -24 + l. What is the units digit of i?
6
Let p = -3 + -3. Let a(v) = -2*v**2 - 8*v - 1. Let y be a(p). Let l = y - -48. What is the tens digit of l?
2
Let z = -4 + 12. Let g(q) = -3*q + 2. Let b(o) = 9*o - 7. Let m(y) = 4*b(y) + 11*g(y). What is the tens digit of m(z)?
1
Let j be 8/(-32) - (-9)/4. Suppose -3*u + 142 = j*m - 5*u, 5*m - 3*u - 349 = 0. What is the units digit of m?
8
Let m(f) = -f**2 - f + 2. Let k be m(1). Suppose k = 13*a - 14*a + 97. What is the units digit of a?
7
Suppose 35*m - 18963 = -8*m. What is the units digit of m?
1
Suppose 4*c - 5*r - 815 = 0, 985 = 5*c + 2*r + 3*r. Let a = c - 11. What is the units digit of a?
9
What is the units digit of (94/(-3))/((-66)/18 - -3)?
7
What is the tens digit of (-6)/4 - 6472/(-16) - 2?
0
Let t(r) be the third derivative of -r**2 + 5*r**3 + 0*r + 1/24*r**4 + 0. What is the units digit of t(0)?
0
Suppose o = 0, -3*v + o - 2*o = -84. Suppose -66 = -b + v. Suppose -3*u - 25 = -b. What is the units digit of u?
3
Let a(z) = 73*z - 6. Let k be a(-6). What is the tens digit of 6/(-14) + k/(-7)?
6
Let q(f) be the first derivative of -7*f**2/2 + 6. Let h be q(-1). Let m = 37 - h. What is the tens digit of m?
3
Let z(f) = -f - 7. Let b be z(-13). Suppose -b*r = -4*r. Suppose -5*q + r*q = -60. What is the tens digit of q?
1
Let n = 20 - -2. Let u = -84 - -123. Let k = u - n. What is the units digit of k?
7
Suppose -3*m = 23 - 74. Suppose 78 + m = h + c, 214 = 2*h - 4*c. What is the tens digit of h?
9
Suppose -m - 4000 = -4*z, 0*m - 5*m = 0. What is the hundreds digit of z?
0
Let f(k) = 42*k + 93. What is the tens digit of f(11)?
5
Let r = 2 - -17. Let f = 22 - r. Suppose m - 5*j - 11 = 0, m + f*j + 17 = 2*m. What is the units digit of m?
6
Suppose 0 = 15*x - 19273 - 8822. What is the tens digit of x?
7
Let v = 77 - 73. Suppose -k + 2*g = -g - 28, 110 = 3*k + v*g. What is the units digit of k?
4
Let w(t) = 2*t**2 - 51*t + 36. What is the tens digit of w(25)?
1
What is the tens digit of ((11358/(-24))/(-3))/(1/4)?
3
Suppose 2759 + 8081 = 4*m. What is the hundreds digit of m?
7
Suppose 2*n - 3260 = -q, -11*q = -4*n - 15*q + 6512. What is the tens digit of n?
3
Let g(a) = 5*a**2 - 16*a + 21. Let c be g(6). What is the units digit of (51/15 - 15/5)*c?
2
Suppose -11*p + 34053 = 8995. What is the thousands digit of p?
2
Suppose -11*x + 70 = -6*x. Let m be x/(-35) - (-4)/10. Let w(p) = -p**3 + p + 9. What is the units digit of w(m)?
9
Let j(q) = q**3 + 10*q**2 - 6*q + 20. Let k be j(-10). Suppose r + k = 2*r. What is the units digit of r?
0
Let n be 7 - ((-2)/(-7) - (-594)/126). Suppose 3*v = 3 - 6. What is the units digit of (-11)/